{"id":2292,"date":"2023-01-14T12:13:35","date_gmt":"2023-01-14T12:13:35","guid":{"rendered":"https:\/\/themexriver.com\/wp\/hostix\/?page_id=2292"},"modified":"2026-02-05T15:58:28","modified_gmt":"2026-02-05T15:58:28","slug":"contactez-nous","status":"publish","type":"page","link":"https:\/\/cmediahost.top\/index.php\/contactez-nous\/","title":{"rendered":"Contactez-nous"},"content":{"rendered":"\t\t<div data-elementor-type=\"wp-page\" data-elementor-id=\"2292\" class=\"elementor elementor-2292\" data-elementor-settings=\"{&quot;ha_cmc_init_switcher&quot;:&quot;no&quot;}\" data-elementor-post-type=\"page\">\n\t\t\t\t\t\t<section class=\"elementor-section elementor-top-section elementor-element elementor-element-938fd4a elementor-section-full_width elementor-section-height-default elementor-section-height-default\" data-id=\"938fd4a\" data-element_type=\"section\" data-e-type=\"section\" data-settings=\"{&quot;_ha_eqh_enable&quot;:false}\">\n\t\t\t\t\t\t<div class=\"elementor-container elementor-column-gap-no\">\n\t\t\t\t\t<div class=\"elementor-column elementor-col-100 elementor-top-column elementor-element elementor-element-785fc620\" data-id=\"785fc620\" data-element_type=\"column\" data-e-type=\"column\">\n\t\t\t<div class=\"elementor-widget-wrap elementor-element-populated\">\n\t\t\t\t\t\t<div class=\"elementor-element elementor-element-397e53c elementor-widget elementor-widget-hos-bardcrumb-id\" data-id=\"397e53c\" data-element_type=\"widget\" data-e-type=\"widget\" data-widget_type=\"hos-bardcrumb-id.default\">\n\t\t\t\t<div class=\"elementor-widget-container\">\n\t\t\t\t\t    <section class=\"page-title\">\r\n\t\t<div class=\"auto-container\">\r\n            \t\t\t    <div class=\"title\">Nous sommes joignables 7J\/7<\/div>\r\n            \t\t\t<h3>Contactez-nous<\/h3>\r\n\t\t<\/div>\r\n\t<\/section>\r\n    \t\t\t\t<\/div>\n\t\t\t\t<\/div>\n\t\t\t\t\t<\/div>\n\t\t<\/div>\n\t\t\t\t\t<\/div>\n\t\t<\/section>\n\t\t\t\t<section class=\"elementor-section elementor-top-section elementor-element elementor-element-564d868 elementor-section-boxed elementor-section-height-default elementor-section-height-default\" data-id=\"564d868\" data-element_type=\"section\" data-e-type=\"section\" data-settings=\"{&quot;_ha_eqh_enable&quot;:false}\">\n\t\t\t\t\t\t<div class=\"elementor-container elementor-column-gap-default\">\n\t\t\t\t\t<div class=\"elementor-column elementor-col-100 elementor-top-column elementor-element elementor-element-4e8c7ae4\" data-id=\"4e8c7ae4\" data-element_type=\"column\" data-e-type=\"column\">\n\t\t\t<div class=\"elementor-widget-wrap elementor-element-populated\">\n\t\t\t\t\t\t<div class=\"elementor-element elementor-element-435e1aa3 elementor-widget elementor-widget-insurin-ct-Form-id\" data-id=\"435e1aa3\" data-element_type=\"widget\" data-e-type=\"widget\" data-widget_type=\"insurin-ct-Form-id.default\">\n\t\t\t\t<div class=\"elementor-widget-container\">\n\t\t\t\t\t    <div class=\"in-contact-page-content position-relative\">\r\n        <div class=\"row\">\r\n            <div class=\"col-lg-6\">\r\n                <div class=\"in-faq-contact-info-wrap\">\r\n                    <div class=\"in-faq-contact-info-title headline pera-content\">\r\n                        <h3>Demande d'assistance<\/h3>\r\n                        <p>\n\nNous ne souhaitons pas vous laisser en attente, \u00e0 attendre qu'une personne d\u00e9croche le t\u00e9l\u00e9phone. C'est pourquoi nous croyons que le chat en direct et d'autres moyens de communication sur Internet peuvent r\u00e9soudre les probl\u00e8mes de mani\u00e8re plus efficace. <\/p>\r\n                    <\/div>\r\n                    <div class=\"in-faq-contact-info\">\r\n                                                <div class=\"info-item-area d-flex align-items-center\">\r\n                            <div class=\"inner-icon d-flex align-items-center justify-content-center\">\r\n                             <i aria-hidden=\"true\" class=\"flaticon flaticon-073-location-1\"><\/i>                            <\/div>\r\n                            <div class=\"inner-text headline pera-content\">\r\n                                <h4>Bureau - Togo<\/h4>\r\n                                <p>24 BP 115  Lom\u00e9 \u2013 Togo\nAgo\u00e8 Logop\u00e9 face NANDABA<\/p>\r\n                            <\/div>\r\n                        <\/div>\r\n                                                <div class=\"info-item-area d-flex align-items-center\">\r\n                            <div class=\"inner-icon d-flex align-items-center justify-content-center\">\r\n                             <i aria-hidden=\"true\" class=\"fas fa-headphones\"><\/i>                            <\/div>\r\n                            <div class=\"inner-text headline pera-content\">\r\n                                <h4>Hotline - Togo<\/h4>\r\n                                <p>+228 91 90 00 90<br \/> \n+228 96 47 91 91<\/p>\r\n                            <\/div>\r\n                        <\/div>\r\n                                                <div class=\"info-item-area d-flex align-items-center\">\r\n                            <div class=\"inner-icon d-flex align-items-center justify-content-center\">\r\n                             <i aria-hidden=\"true\" class=\"far fa-envelope-open\"><\/i>                            <\/div>\r\n                            <div class=\"inner-text headline pera-content\">\r\n                                <h4>Bureau - C\u00f4te d'Ivoire<\/h4>\r\n                                <p>Cocody - Les II Plateaux, \n7e Tranche<\/p>\r\n                            <\/div>\r\n                        <\/div>\r\n                                                <div class=\"info-item-area d-flex align-items-center\">\r\n                            <div class=\"inner-icon d-flex align-items-center justify-content-center\">\r\n                             <i aria-hidden=\"true\" class=\"fas fa-headphones\"><\/i>                            <\/div>\r\n                            <div class=\"inner-text headline pera-content\">\r\n                                <h4>Hotline - C\u00f4te d'Ivoire<\/h4>\r\n                                <p>+225 07 04 729 249<br \/> \n+225 07 47 008 712<\/p>\r\n                            <\/div>\r\n                        <\/div>\r\n                                                <div class=\"info-item-area d-flex align-items-center\">\r\n                            <div class=\"inner-icon d-flex align-items-center justify-content-center\">\r\n                             <i aria-hidden=\"true\" class=\"huge huge-telephone\"><\/i>                            <\/div>\r\n                            <div class=\"inner-text headline pera-content\">\r\n                                <h4>Autres Hotline<\/h4>\r\n                                <p>+229 68 98 12 21<br \/> \n+41 76 227 41 83\n<\/p>\r\n                            <\/div>\r\n                        <\/div>\r\n                                                <div class=\"info-item-area d-flex align-items-center\">\r\n                            <div class=\"inner-icon d-flex align-items-center justify-content-center\">\r\n                             <i aria-hidden=\"true\" class=\"fas fa-mail-bulk\"><\/i>                            <\/div>\r\n                            <div class=\"inner-text headline pera-content\">\r\n                                <h4>E-mail<\/h4>\r\n                                <p>Info@cmediahost.top<\/p>\r\n                            <\/div>\r\n                        <\/div>\r\n                                            <\/div>\r\n                <\/div>\r\n            <\/div>\r\n            <div class=\"col-lg-6\">\r\n                <div class=\"in-faq-contact-form-area\">\r\n                    <div class=\"in-faq-contact-info-title headline pera-content\">\r\n                        <h3>Assistance technique et commerciale 7j\/7<\/h3>\r\n                        <p>Nous sommes disponibles pour vous 24h\/24, 7j\/7. Notre \u00e9quipe de support client porte ce nom pour une raison. <\/p>\r\n                    <\/div>\r\n                    <div class=\"in-faq-contact-form\">\r\n                        <div class=\"wpforms-container wpforms-container-full wpforms-render-modern\" id=\"wpforms-2836\"><form id=\"wpforms-form-2836\" class=\"wpforms-validate wpforms-form wpforms-ajax-form\" data-formid=\"2836\" method=\"post\" enctype=\"multipart\/form-data\" action=\"\/index.php\/wp-json\/wp\/v2\/pages\/2292\" data-token=\"07171af7b2a67c85dee07b3bedcad15d\"><noscript class=\"wpforms-error-noscript\">Veuillez activer JavaScript dans votre navigateur pour remplir ce formulaire.<\/noscript><div class=\"wpforms-hidden\" id=\"wpforms-error-noscript\">Veuillez activer JavaScript dans votre navigateur pour remplir ce formulaire.<\/div><div class=\"wpforms-field-container\"><div id=\"wpforms-2836-field_1-container\" class=\"wpforms-field wpforms-field-checkbox wpforms-list-inline\" data-field-id=\"1\"><fieldset><legend class=\"wpforms-field-label\">\u00cates-vous d\u00e9j\u00e0 client :<\/legend><ul id=\"wpforms-2836-field_1\" class=\"wpforms-icon-choices wpforms-icon-choices-modern wpforms-icon-choices-small\" style=\"--wpforms-icon-choices-color: #7105ab;\"><li class=\"choice-3 depth-1 wpforms-icon-choices-item\"><label class=\"wpforms-field-label-inline\" for=\"wpforms-2836-field_1_3\">\n\t\t\t\t<span class=\"wpforms-icon-choices-icon\">\n\t\t\t\t\t<svg xmlns=\"http:\/\/www.w3.org\/2000\/svg\" width=\"40\" height=\"32px\" viewBox=\"0 0 640 512\"><!--! Font Awesome Free 6.4.0 by @fontawesome - https:\/\/fontawesome.com License - https:\/\/fontawesome.com\/license\/free (Icons: CC BY 4.0, Fonts: SIL OFL 1.1, Code: MIT License) Copyright 2023 Fonticons, Inc. --><path d=\"M272.2 64.6l-51.1 51.1c-15.3 4.2-29.5 11.9-41.5 22.5L153 161.9C142.8 171 129.5 176 115.8 176H96V304c20.4 .6 39.8 8.9 54.3 23.4l35.6 35.6 7 7 0 0L219.9 397c6.2 6.2 16.4 6.2 22.6 0c1.7-1.7 3-3.7 3.7-5.8c2.8-7.7 9.3-13.5 17.3-15.3s16.4 .6 22.2 6.5L296.5 393c11.6 11.6 30.4 11.6 41.9 0c5.4-5.4 8.3-12.3 8.6-19.4c.4-8.8 5.6-16.6 13.6-20.4s17.3-3 24.4 2.1c9.4 6.7 22.5 5.8 30.9-2.6c9.4-9.4 9.4-24.6 0-33.9L340.1 243l-35.8 33c-27.3 25.2-69.2 25.6-97 .9c-31.7-28.2-32.4-77.4-1.6-106.5l70.1-66.2C303.2 78.4 339.4 64 377.1 64c36.1 0 71 13.3 97.9 37.2L505.1 128H544h40 40c8.8 0 16 7.2 16 16V352c0 17.7-14.3 32-32 32H576c-11.8 0-22.2-6.4-27.7-16H463.4c-3.4 6.7-7.9 13.1-13.5 18.7c-17.1 17.1-40.8 23.8-63 20.1c-3.6 7.3-8.5 14.1-14.6 20.2c-27.3 27.3-70 30-100.4 8.1c-25.1 20.8-62.5 19.5-86-4.1L159 404l-7-7-35.6-35.6c-5.5-5.5-12.7-8.7-20.4-9.3C96 369.7 81.6 384 64 384H32c-17.7 0-32-14.3-32-32V144c0-8.8 7.2-16 16-16H56 96h19.8c2 0 3.9-.7 5.3-2l26.5-23.6C175.5 77.7 211.4 64 248.7 64H259c4.4 0 8.9 .2 13.2 .6zM544 320V176H496c-5.9 0-11.6-2.2-15.9-6.1l-36.9-32.8c-18.2-16.2-41.7-25.1-66.1-25.1c-25.4 0-49.8 9.7-68.3 27.1l-70.1 66.2c-10.3 9.8-10.1 26.3 .5 35.7c9.3 8.3 23.4 8.1 32.5-.3l71.9-66.4c9.7-9 24.9-8.4 33.9 1.4s8.4 24.9-1.4 33.9l-.8 .8 74.4 74.4c10 10 16.5 22.3 19.4 35.1H544zM64 336a16 16 0 1 0 -32 0 16 16 0 1 0 32 0zm528 16a16 16 0 1 0 0-32 16 16 0 1 0 0 32z\"\/><\/svg>\n\t\t\t\t\t<span class=\"wpforms-icon-choices-icon-bg\"><\/span>\n\t\t\t\t<\/span>\n\t\t\t\t<input type=\"checkbox\" id=\"wpforms-2836-field_1_3\" class=\"wpforms-screen-reader-element\" name=\"wpforms[fields][1][]\" value=\"Oui\" aria-errormessage=\"wpforms-2836-field_1_3-error\"  >\n\t\t\t\t<span class=\"wpforms-icon-choices-label\">Oui<\/span>\n\t\t\t<\/label><\/li><li class=\"choice-2 depth-1 wpforms-icon-choices-item\"><label class=\"wpforms-field-label-inline\" for=\"wpforms-2836-field_1_2\">\n\t\t\t\t<span class=\"wpforms-icon-choices-icon\">\n\t\t\t\t\t<svg xmlns=\"http:\/\/www.w3.org\/2000\/svg\" width=\"40\" height=\"32px\" viewBox=\"0 0 512 512\"><!--! Font Awesome Free 6.4.0 by @fontawesome - https:\/\/fontawesome.com License - https:\/\/fontawesome.com\/license\/free (Icons: CC BY 4.0, Fonts: SIL OFL 1.1, Code: MIT License) Copyright 2023 Fonticons, Inc. --><path d=\"M464 256A208 208 0 1 0 48 256a208 208 0 1 0 416 0zM0 256a256 256 0 1 1 512 0A256 256 0 1 1 0 256zm177.6 62.1C192.8 334.5 218.8 352 256 352s63.2-17.5 78.4-33.9c9-9.7 24.2-10.4 33.9-1.4s10.4 24.2 1.4 33.9c-22 23.8-60 49.4-113.6 49.4s-91.7-25.5-113.6-49.4c-9-9.7-8.4-24.9 1.4-33.9s24.9-8.4 33.9 1.4zM144.4 208a32 32 0 1 1 64 0 32 32 0 1 1 -64 0zm192-32a32 32 0 1 1 0 64 32 32 0 1 1 0-64z\"\/><\/svg>\n\t\t\t\t\t<span class=\"wpforms-icon-choices-icon-bg\"><\/span>\n\t\t\t\t<\/span>\n\t\t\t\t<input type=\"checkbox\" id=\"wpforms-2836-field_1_2\" class=\"wpforms-screen-reader-element\" name=\"wpforms[fields][1][]\" value=\"Non\" aria-errormessage=\"wpforms-2836-field_1_2-error\"  >\n\t\t\t\t<span class=\"wpforms-icon-choices-label\">Non<\/span>\n\t\t\t<\/label><\/li><\/ul><\/fieldset><\/div><div id=\"wpforms-2836-field_2-container\" class=\"wpforms-field wpforms-field-name\" data-field-id=\"2\"><fieldset><legend class=\"wpforms-field-label\">Informations <span class=\"wpforms-required-label\" aria-hidden=\"true\">*<\/span><\/legend><div class=\"wpforms-field-row wpforms-field-large\"><div class=\"wpforms-field-row-block wpforms-first wpforms-one-half\"><input type=\"text\" id=\"wpforms-2836-field_2\" class=\"wpforms-field-name-first wpforms-field-required\" name=\"wpforms[fields][2][first]\" aria-errormessage=\"wpforms-2836-field_2-error\" required><label for=\"wpforms-2836-field_2\" class=\"wpforms-field-sublabel after \">Pr\u00e9nom<\/label><\/div><div class=\"wpforms-field-row-block wpforms-one-half\"><input type=\"text\" id=\"wpforms-2836-field_2-last\" class=\"wpforms-field-name-last wpforms-field-required\" name=\"wpforms[fields][2][last]\" aria-errormessage=\"wpforms-2836-field_2-last-error\" required><label for=\"wpforms-2836-field_2-last\" class=\"wpforms-field-sublabel after \">Nom<\/label><\/div><\/div><\/fieldset><\/div><div id=\"wpforms-2836-field_3-container\" class=\"wpforms-field wpforms-field-email\" data-field-id=\"3\"><fieldset><legend class=\"wpforms-field-label\">Adresse e-mail  <span class=\"wpforms-required-label\" aria-hidden=\"true\">*<\/span><\/legend><div class=\"wpforms-field-row wpforms-field-large\"><div class=\"wpforms-field-row-block wpforms-one-half wpforms-first\"><input type=\"email\" id=\"wpforms-2836-field_3\" class=\"wpforms-field-required wpforms-field-email-primary\" name=\"wpforms[fields][3][primary]\" spellcheck=\"false\" aria-errormessage=\"wpforms-2836-field_3-error\" required><label for=\"wpforms-2836-field_3\" class=\"wpforms-field-sublabel after \">E-mail<\/label><\/div><div class=\"wpforms-field-row-block wpforms-one-half\"><input type=\"email\" id=\"wpforms-2836-field_3-secondary\" class=\"wpforms-field-email-secondary wpforms-field-required\" data-rule-confirm=\"#wpforms-2836-field_3\" name=\"wpforms[fields][3][secondary]\" spellcheck=\"false\" aria-errormessage=\"wpforms-2836-field_3-secondary-error\" required><label for=\"wpforms-2836-field_3-secondary\" class=\"wpforms-field-sublabel after \">Confirmez l\u2019e-mail<\/label><\/div><\/div><\/fieldset><\/div><div id=\"wpforms-2836-field_4-container\" class=\"wpforms-field wpforms-field-url\" data-field-id=\"4\"><label class=\"wpforms-field-label\" for=\"wpforms-2836-field_4\">Nom de domaine <span class=\"wpforms-required-label\" aria-hidden=\"true\">*<\/span><\/label><input type=\"url\" id=\"wpforms-2836-field_4\" class=\"wpforms-field-large wpforms-field-required\" name=\"wpforms[fields][4]\" aria-errormessage=\"wpforms-2836-field_4-error\" required><\/div><div id=\"wpforms-2836-field_6-container\" class=\"wpforms-field wpforms-field-text\" data-field-id=\"6\"><label class=\"wpforms-field-label\" for=\"wpforms-2836-field_6\">Objet <span class=\"wpforms-required-label\" aria-hidden=\"true\">*<\/span><\/label><input type=\"text\" id=\"wpforms-2836-field_6\" class=\"wpforms-field-large wpforms-field-required\" name=\"wpforms[fields][6]\" aria-errormessage=\"wpforms-2836-field_6-error\" required><\/div><div id=\"wpforms-2836-field_7-container\" class=\"wpforms-field wpforms-field-richtext wpforms-field-richtext-media-enabled wpforms-field-richtext-toolbar-basic wpforms-field-medium\" data-field-id=\"7\"><fieldset><legend class=\"wpforms-field-label\">Votre message <span class=\"wpforms-required-label\" aria-hidden=\"true\">*<\/span><\/legend><div id=\"wp-wpforms-2836-field_7-wrap\" class=\"wp-core-ui wp-editor-wrap tmce-active\"><link rel='stylesheet' id='dashicons-css' href='https:\/\/cmediahost.top\/wp-includes\/css\/dashicons.min.css?ver=6.9.4' media='all' \/>\n<link rel='stylesheet' id='editor-buttons-css' href='https:\/\/cmediahost.top\/wp-includes\/css\/editor.min.css?ver=6.9.4' media='all' \/>\n<style>.wpforms-field-richtext .insert-media.add_media { display: none !important; }<\/style>\n<div id=\"wp-wpforms-2836-field_7-editor-tools\" class=\"wp-editor-tools hide-if-no-js\"><div id=\"wp-wpforms-2836-field_7-media-buttons\" class=\"wp-media-buttons\"><button type=\"button\" id=\"insert-media-button\" class=\"button insert-media add_media\" data-editor=\"wpforms-2836-field_7\" aria-haspopup=\"dialog\" aria-controls=\"wp-media-modal\"><span class=\"wp-media-buttons-icon\" aria-hidden=\"true\"><\/span> Ajouter un m\u00e9dia<\/button><\/div>\n<div class=\"wp-editor-tabs\"><button type=\"button\" id=\"wpforms-2836-field_7-tmce\" aria-pressed=\"true\" class=\"wp-switch-editor switch-tmce\" data-wp-editor-id=\"wpforms-2836-field_7\">Visuel<\/button>\n<button type=\"button\" id=\"wpforms-2836-field_7-html\" class=\"wp-switch-editor switch-html\" data-wp-editor-id=\"wpforms-2836-field_7\">Code<\/button>\n<\/div>\n<\/div>\n<div id=\"wp-wpforms-2836-field_7-editor-container\" class=\"wp-editor-container\"><div id=\"qt_wpforms-2836-field_7_toolbar\" class=\"quicktags-toolbar hide-if-no-js\"><\/div><textarea class=\"wpforms-field-required wp-editor-area\" style=\"height: 120px\" autocomplete=\"off\" cols=\"40\" name=\"wpforms[fields][7]\" id=\"wpforms-2836-field_7\"><\/textarea><\/div>\n<\/div>\n\n<\/fieldset><\/div><div id=\"wpforms-2836-field_8-container\" class=\"wpforms-field wpforms-field-captcha\" data-field-id=\"8\"><label class=\"wpforms-field-label\" for=\"wpforms-2836-field_8\">CAPTCHA <span class=\"wpforms-required-label\" aria-hidden=\"true\">*<\/span><\/label>\t\t\t<div class=\"wpforms-captcha-math\">\n\t\t\t\t<span id=\"wpforms-2836-field_8-question\" class=\"wpforms-captcha-equation\">\n\t\t\t\t\t<span class=\"n1\">14<\/span>\n\t\t\t\t\t\t\t<span class=\"cal\">*<\/span>\n\t\t\t\t\t\t\t<span class=\"n2\">11<\/span>\t\t\t\t\t<span class=\"e\">=<\/span>\n\t\t\t\t<\/span>\n\t\t\t\t<input type=\"text\" id=\"wpforms-2836-field_8\" class=\"wpforms-field-medium wpforms-field-required a\" data-rule-wpf-captcha=\"math\" data-is-wrapped-field=\"1\" name=\"wpforms[fields][8][a]\" aria-errormessage=\"wpforms-2836-field_8-error\" aria-describedby=\"wpforms-2836-field_8-description wpforms-2836-field_8-question\" required>\t\t\t\t<input type=\"hidden\" name=\"wpforms[fields][8][cal]\" class=\"cal\">\n\t\t\t\t<input type=\"hidden\" name=\"wpforms[fields][8][n2]\" class=\"n2\">\n\t\t\t\t<input type=\"hidden\" name=\"wpforms[fields][8][n1]\" class=\"n1\">\n\t\t\t<\/div>\n\t\t\t<div id=\"wpforms-2836-field_8-description\" class=\"wpforms-field-description\">\u00c0 des fins de s\u00e9curit\u00e9, veuillez r\u00e9pondre \u00e0 notre question math\u00e9matique, s'il vous pla\u00eet.<\/div><\/div><\/div><!-- .wpforms-field-container --><div class=\"wpforms-submit-container\" ><input type=\"hidden\" name=\"wpforms[id]\" value=\"2836\"><input type=\"hidden\" name=\"wpforms[author]\" value=\"1\"><button type=\"submit\" name=\"wpforms[submit]\" id=\"wpforms-submit-2836\" class=\"wpforms-submit\" data-alt-text=\"Envoi...\" data-submit-text=\"Envoyer la demande\" aria-live=\"assertive\" value=\"wpforms-submit\">Envoyer la demande<\/button><img decoding=\"async\" src=\"https:\/\/cmediahost.top\/wp-content\/plugins\/wpforms\/assets\/images\/submit-spin.svg\" class=\"wpforms-submit-spinner\" style=\"display: none;\" width=\"26\" height=\"26\" alt=\"Chargement en cours\"><\/div><\/form><\/div>  <!-- .wpforms-container -->                    <\/div>\r\n                <\/div>\r\n            <\/div>\r\n        <\/div>\r\n    <\/div>\r\n    \t\t\t\t<\/div>\n\t\t\t\t<\/div>\n\t\t\t\t\t<\/div>\n\t\t<\/div>\n\t\t\t\t\t<\/div>\n\t\t<\/section>\n\t\t\t\t<section class=\"elementor-section elementor-top-section elementor-element elementor-element-39f0ce1 elementor-section-full_width elementor-section-height-default elementor-section-height-default\" data-id=\"39f0ce1\" data-element_type=\"section\" data-e-type=\"section\" data-settings=\"{&quot;_ha_eqh_enable&quot;:false}\">\n\t\t\t\t\t\t<div class=\"elementor-container elementor-column-gap-no\">\n\t\t\t\t\t<div class=\"elementor-column elementor-col-100 elementor-top-column elementor-element elementor-element-75c2ecb5\" data-id=\"75c2ecb5\" data-element_type=\"column\" data-e-type=\"column\">\n\t\t\t<div class=\"elementor-widget-wrap elementor-element-populated\">\n\t\t\t\t\t\t<div class=\"elementor-element elementor-element-3d140661 elementor-widget elementor-widget-google_maps\" data-id=\"3d140661\" data-element_type=\"widget\" data-e-type=\"widget\" data-widget_type=\"google_maps.default\">\n\t\t\t\t<div class=\"elementor-widget-container\">\n\t\t\t\t\t\t\t<div class=\"elementor-custom-embed\">\n\t\t\t<iframe loading=\"lazy\"\n\t\t\t\t\tsrc=\"https:\/\/maps.google.com\/maps?q=Heurich&#038;t=m&#038;z=16&#038;output=embed&#038;iwloc=near\"\n\t\t\t\t\ttitle=\"Heurich\"\n\t\t\t\t\taria-label=\"Heurich\"\n\t\t\t><\/iframe>\n\t\t<\/div>\n\t\t\t\t\t\t<\/div>\n\t\t\t\t<\/div>\n\t\t\t\t\t<\/div>\n\t\t<\/div>\n\t\t\t\t\t<\/div>\n\t\t<\/section>\n\t\t\t\t<\/div>\n\t\t","protected":false},"excerpt":{"rendered":"<p>Nous sommes joignables 7J\/7 Contactez-nous Demande d&rsquo;assistance Nous ne souhaitons pas vous laisser en attente, \u00e0 attendre qu&rsquo;une personne d\u00e9croche le t\u00e9l\u00e9phone. C&rsquo;est pourquoi nous croyons que le chat en direct et d&rsquo;autres moyens de communication sur Internet peuvent r\u00e9soudre les probl\u00e8mes de mani\u00e8re plus efficace. Bureau &#8211; Togo 24 BP 115 Lom\u00e9 \u2013 Togo [&hellip;]<\/p>\n","protected":false},"author":1,"featured_media":0,"parent":0,"menu_order":0,"comment_status":"closed","ping_status":"closed","template":"hostix-template.php","meta":{"inline_featured_image":false,"footnotes":""},"class_list":["post-2292","page","type-page","status-publish","hentry"],"_links":{"self":[{"href":"https:\/\/cmediahost.top\/index.php\/wp-json\/wp\/v2\/pages\/2292","targetHints":{"allow":["GET"]}}],"collection":[{"href":"https:\/\/cmediahost.top\/index.php\/wp-json\/wp\/v2\/pages"}],"about":[{"href":"https:\/\/cmediahost.top\/index.php\/wp-json\/wp\/v2\/types\/page"}],"author":[{"embeddable":true,"href":"https:\/\/cmediahost.top\/index.php\/wp-json\/wp\/v2\/users\/1"}],"replies":[{"embeddable":true,"href":"https:\/\/cmediahost.top\/index.php\/wp-json\/wp\/v2\/comments?post=2292"}],"version-history":[{"count":19,"href":"https:\/\/cmediahost.top\/index.php\/wp-json\/wp\/v2\/pages\/2292\/revisions"}],"predecessor-version":[{"id":4632,"href":"https:\/\/cmediahost.top\/index.php\/wp-json\/wp\/v2\/pages\/2292\/revisions\/4632"}],"wp:attachment":[{"href":"https:\/\/cmediahost.top\/index.php\/wp-json\/wp\/v2\/media?parent=2292"}],"curies":[{"name":"wp","href":"https:\/\/api.w.org\/{rel}","templated":true}]}}